f 488923?
347, 1409
What are the prime factors of 297871?
7, 6079
What are the prime factors of 568365?
3, 5, 7, 5413
What are the prime factors of 181481?
347, 523
What are the prime factors of 1748122?
2, 43, 20327
What are the prime factors of 763753?
763753
What are the prime factors of 4487539?
7, 641077
What are the prime factors of 121375?
5, 971
List the prime factors of 88794.
2, 3, 4933
List the prime factors of 1400239.
17, 31, 2657
List the prime factors of 2332372.
2, 7, 83299
List the prime factors of 905403.
3, 17, 41, 433
List the prime factors of 1777252.
2, 643, 691
What are the prime factors of 1832362?
2, 7, 17, 7699
List the prime factors of 1277253.
3, 141917
List the prime factors of 11038895.
5, 7, 197, 1601
What are the prime factors of 1191196?
2, 193, 1543
What are the prime factors of 5027625?
3, 5, 41, 109
List the prime factors of 1303693.
1303693
List the prime factors of 2322688.
2, 43, 211
List the prime factors of 368108.
2, 13, 7079
What are the prime factors of 12926613?
3, 7, 17, 36209
List the prime factors of 3347466.
2, 3, 23, 127, 191
What are the prime factors of 483561?
3, 13, 4133
List the prime factors of 584825.
5, 149, 157
What are the prime factors of 3115?
5, 7, 89
What are the prime factors of 4832211?
3, 43, 47, 797
List the prime factors of 65695.
5, 7, 1877
List the prime factors of 210444.
2, 3, 13, 19, 71
What are the prime factors of 3038717?
11, 276247
What are the prime factors of 790137?
3, 87793
List the prime factors of 17215060.
2, 5, 860753
What are the prime factors of 5724285?
3, 5, 7, 54517
List the prime factors of 1331583.
3, 11, 40351
List the prime factors of 6758433.
3, 11, 19, 3593
What are the prime factors of 355495?
5, 7, 1451
List the prime factors of 94232.
2, 11779
List the prime factors of 7610022.
2, 3, 7, 60397
List the prime factors of 15526.
2, 7, 1109
List the prime factors of 2871243.
3, 319027
List the prime factors of 126687.
3, 11, 349
What are the prime factors of 651349?
101, 6449
What are the prime factors of 5209362?
2, 3, 23, 12583
What are the prime factors of 25584176?
2, 31, 51581
List the prime factors of 1260444.
2, 3, 105037
What are the prime factors of 25636278?
2, 3, 863, 4951
List the prime factors of 345760.
2, 5, 2161
List the prime factors of 539897.
539897
What are the prime factors of 3026730?
2, 3, 5, 7, 29, 71
What are the prime factors of 1128271?
101, 11171
List the prime factors of 193670.
2, 5, 107, 181
List the prime factors of 25978.
2, 31, 419
List the prime factors of 1991320.
2, 5, 49783
What are the prime factors of 3087990?
2, 3, 5, 11437
What are the prime factors of 1065044?
2, 266261
List the prime factors of 866239.
11, 7159
What are the prime factors of 1175585?
5, 235117
List the prime factors of 457113.
3, 17, 8963
What are the prime factors of 5649355?
5, 17, 66463
What are the prime factors of 3976851?
3, 1325617
What are the prime factors of 275265?
3, 5, 2039
List the prime factors of 1608892.
2, 402223
List the prime factors of 9996694.
2, 31, 161237
List the prime factors of 177013.
177013
List the prime factors of 6734160.
2, 3, 5, 47, 199
List the prime factors of 2455150.
2, 5, 49103
List the prime factors of 6282003.
3, 7, 13, 23011
List the prime factors of 9345648.
2, 3, 13, 17, 881
What are the prime factors of 3486493?
227, 15359
What are the prime factors of 7483668?
2, 3, 73, 8543
List the prime factors of 18552174.
2, 3, 61, 173, 293
What are the prime factors of 10572597?
3, 7, 283, 593
What are the prime factors of 1195819?
823, 1453
List the prime factors of 1843095.
3, 5, 19, 29, 223
What are the prime factors of 529323?
3, 73, 2417
What are the prime factors of 2037032?
2, 89, 2861
What are the prime factors of 377511?
3, 19, 37, 179
What are the prime factors of 205448?
2, 61, 421
List the prime factors of 4319897.
19, 227363
What are the prime factors of 532580?
2, 5, 31, 859
What are the prime factors of 194890?
2, 5, 19489
What are the prime factors of 50123?
50123
List the prime factors of 133567.
7, 19081
List the prime factors of 3141686.
2, 29, 54167
List the prime factors of 1752360.
2, 3, 5, 17, 859
What are the prime factors of 1522519?
359, 4241
List the prime factors of 819534.
2, 3, 137, 997
What are the prime factors of 1596486?
2, 3, 266081
What are the prime factors of 1587300?
2, 3, 5, 11, 13, 37
List the prime factors of 83257.
83257
List the prime factors of 198529.
198529
What are the prime factors of 402180?
2, 3, 5, 6703
What are the prime factors of 204785?
5, 7, 5851
List the prime factors of 1040266.
2, 163, 3191
List the prime factors of 1011582.
2, 3, 11, 13, 131
List the prime factors of 966226.
2, 19, 47, 541
What are the prime factors of 3256150?
2, 5, 65123
List the prime factors of 6408318.
2, 3, 7, 71, 307
List the prime factors of 224367.
3, 11, 13, 523
List the prime factors of 183426.
2, 3, 19, 1609
What are the prime factors of 22265614?
2, 7, 17, 93553
List the prime factors of 225390.
2, 3, 5, 11, 683
What are the prime factors of 1871341?
29, 173, 373
List the prime factors of 1894677.
3, 631559
What are the prime factors of 392708?
2, 31, 3167
What are the prime factors of 513080?
2, 5, 101, 127
What are the prime factors of 250840?
2, 5, 6271
List the prime factors of 390968.
2, 48871
List the prime factors of 406691.
17, 47, 509
What are the prime factors of 135208?
2, 16901
List the prime factors of 7777318.
2, 199, 19541
List the prime factors of 787388.
2, 7, 61, 461
List the prime factors of 36242948.
2, 7, 184913
List the prime factors of 461252.
2, 11, 953
List the prime factors of 17502956.
2, 4375739
List the prime factors of 34001.
11, 281
What are the prime factors of 451194?
2, 3, 139, 541
List the prime factors of 2473301.
2473301
List the prime factors of 387555.
3, 5, 7, 3691
What are the prime factors of 320255?
5, 13, 379
What are the prime factors of 1216986?
2, 3, 43, 53, 89
What are the prime factors of 2348761?
19, 123619
List the prime factors of 333399.
3, 11, 10103
What are the prime factors of 1302131?
127, 10253
What are the prime factors of 727868?
2, 181967
What are the prime factors of 542595?
3, 5, 61, 593
What are the prime factors of 184063?
11, 29, 577
What are the prime factors of 2665079?
23, 115873
List the prime factors of 626474.
2, 23, 13619
What are the prime factors of 11260959?
3, 3753653
List the prime factors of 24660343.
24660343
What are the prime factors of 1690744?
2, 11, 19213
List the prime factors of 4973607.
3, 199, 2777
What are the prime factors of 329587?
329587
What are the prime factors of 403441?
439, 919
What are the prime factors of 706659?
3, 235553
What are the prime factors of 301458?
2, 3, 47, 1069
What are the prime factors of 1526542?
2, 763271
What are the prime factors of 26991975?
3, 5, 487, 739
What are the prime factors of 9544260?
2, 3, 5, 11, 14461
What are the prime factors of 8441?
23, 367
What are the prime factors of 5720343?
3, 53, 35977
List the prime factors of 568021.
17, 33413
List the prime factors of 2486716.
2, 621679
What are the prime factors of 219001?
219001
List the prime factors of 818192.
2, 51137
List the prime factors of 693928.
2, 127, 683
List the prime factors of 214101.
3, 23789
What are the prime factors of 2277611?
7, 331, 983
List the prime factors of 261871.
307, 853
What are the prime factors of 464658?
2, 3, 43, 1801
What are the prime factors of 4299695?
5, 859939
What are the prime factors of 1990104?
2, 3, 101, 821
List the prime factors of 41786.
2, 17, 1229
List the prime factors of 179902.
2, 293, 307
List the prime factors of 4686713.
17, 16217
List the prime factors of 20013360.
2, 3, 5, 83389
List the prime factors of 1616798.
2, 808399
What are the prime factors of 2019663?
3, 349, 643
What are the prime factors of 131202?
2, 3, 37, 197
List the prime factors of 6949790.
2, 5, 694979
What are the prime factors of 28511?
7, 4073
List the prime factors of 282451.
13, 21727
What are the prime factors of 48310?
2, 5, 4831
What are the prime factors of 697734?
2, 3, 59, 73
List the prime factors of 9411486.
2, 3, 7, 29, 7727
What are the prime factors of 504417?
3, 277, 607
List the prime factors of 187508.
2, 46877
List the prime factors of 